1620
In base 7, what is -314 - 141?
-455
In base 10, what is 11 - -34470?
34481
In base 12, what is -9 + -12b49?
-12b56
In base 16, what is -110b2 - 3?
-110b5
In base 15, what is e843d - -1?
e843e
In base 2, what is -11100110000011 + 101?
-11100101111110
In base 13, what is 95 - -8a5?
96a
In base 4, what is 3110011 - 2323?
3101022
In base 3, what is 2 + -10012201212222?
-10012201212220
In base 7, what is -2650 - 105?
-3055
In base 12, what is 1 + a317?
a318
In base 11, what is -3 + 54455?
54452
In base 10, what is 1587 - -14?
1601
In base 5, what is 22213 + -124?
22034
In base 13, what is 16 - -4545?
455b
In base 16, what is -75b + -d?
-768
In base 13, what is -2186 + -24?
-21aa
In base 7, what is -1065 - 11?
-1106
In base 12, what is -4 - -4a87?
4a83
In base 7, what is -44126 + 5?
-44121
In base 16, what is 1a - 779?
-75f
In base 11, what is -4 - 50442?
-50446
In base 6, what is 354111124 + -2?
354111122
In base 13, what is 4 + 31ab5?
31ab9
In base 11, what is 32 - -a38?
a6a
In base 14, what is -8765 + 18?
-874b
In base 12, what is -587 - -100?
-487
In base 4, what is 100223113 - 10?
100223103
In base 15, what is -3 - 130ac?
-130b0
In base 15, what is -2 + 6652?
6650
In base 8, what is -33402 - 5?
-33407
In base 6, what is -153 + -4415?
-5012
In base 7, what is 4 - 1521662?
-1521655
In base 14, what is 15 - 4d28?
-4d13
In base 15, what is 4 - 17db?
-17d7
In base 16, what is 4 - -19208?
1920c
In base 2, what is 111111 + -1001001?
-1010
In base 8, what is 14 - -22543?
22557
In base 10, what is -80772 + 11?
-80761
In base 3, what is -2 + 2002002?
2002000
In base 11, what is -28045 - -5?
-28040
In base 8, what is 1 + 24204?
24205
In base 12, what is 4 + 6210a3?
6210a7
In base 4, what is 333 + -22023?
-21030
In base 3, what is -10021 + -20112111?
-20122202
In base 16, what is -2d + 1b?
-12
In base 3, what is 1 + 211110121222?
211110122000
In base 4, what is -31 + -10331?
-11022
In base 10, what is 792 - -119?
911
In base 4, what is -1312313312 + 3?
-1312313303
In base 16, what is 1 + 555ee?
555ef
In base 5, what is -2033 - -401?
-1132
In base 13, what is -373c + -39?
-3778
In base 16, what is -c31 + c?
-c25
In base 12, what is -75 + -1aa?
-263
In base 9, what is 25 + 10326?
10352
In base 16, what is -1069 - ea?
-1153
In base 10, what is -308499 - -4?
-308495
In base 11, what is -17 - 8173?
-818a
In base 3, what is 2211 + -100210?
-20222
In base 6, what is -503 - 134224?
-135131
In base 7, what is -1531636 - -4?
-1531632
In base 13, what is -2030 + -84?
-20b4
In base 3, what is -20002111000 - -10?
-20002110220
In base 4, what is 1 + 313131111?
313131112
In base 3, what is 1 - -2122211?
2122212
In base 2, what is 1101000 + -111011000011?
-111001011011
In base 2, what is 11111111111001000 + 0?
11111111111001000
In base 4, what is 2210 - 10303?
-2033
In base 15, what is d + 28b29?
28b37
In base 13, what is -5a715 + -5?
-5a71a
In base 10, what is -5 - 163511?
-163516
In base 9, what is -320331 - -2?
-320328
In base 9, what is 5 + 128587?
128603
In base 12, what is -264a + -228?
-2876
In base 2, what is 111 - 100010000110?
-100001111111
In base 9, what is -315733 - 0?
-315733
In base 2, what is 1101 - 1011010111111110?
-1011010111110001
In base 9, what is -5065 - 8?
-5074
In base 10, what is -2438 + 32?
-2406
In base 11, what is 4 - -25970?
25974
In base 13, what is -3730 + -1c?
-374c
In base 6, what is 42404 - -2?
42410
In base 11, what is -7 + 37256?
3724a
In base 5, what is -3 - -31124020?
31124012
In base 14, what is db - -2bd?
3ba
In base 2, what is -1100010111100001 - 100001?
-1100011000000010
In base 15, what is ad1 - a?
ac6
In base 14, what is 2 + 10d75c?
10d760
In base 4, what is -31332 + -1121?
-33113
In base 14, what is -1 - -23479?
23478
In base 5, what is -1 - 2422000?
-2422001
In base 2, what is 100100001 + 100111111?
1001100000
In base 13, what is 5b972 - 1?
5b971
In base 3, what is -10 + 12201021?
12201011
In base 16, what is 76b3 - 14?
769f
In base 3, what is -1 + 200220122111?
200220122110
In base 15, what is 3 + 2148c?
21490
In base 9, what is 437 - 58?
368
In base 11, what is -7a67 - -36?
-7a31
In base 15, what is 4e - 147a?
-142b
In base 8, what is -4527 + 7?
-4520
In base 8, what is 357 + 275?
654
In base 4, what is 1 + 30011233?
30011300
In base 14, what is 10d6 - 181?
d55
In base 13, what is -38 + -110?
-148
In base 14, what is 246bcc - 2?
246bca
In base 11, what is 6 - -248276?
248281
In base 12, what is -8 + 69686?
6967a
In base 4, what is -33 + -2332232?
-2332331
In base 12, what is 26 - -7998?
7a02
In base 8, what is 32 - 2514?
-2462
In base 2, what is -100010101101 - 11010011?
-100110000000
In base 4, what is 3202300 - -2?
3202302
In base 3, what is 1110022 + -221201?
111121
In base 3, what is 1011 - -112012021?
112020102
In base 6, what is -25 + 1442400?
1442331
In base 14, what is 5 + -2bda73?
-2bda6c
In base 10, what is 5 + -10442?
-10437
In base 14, what is -1a - -a3a5?
a389
In base 9, what is -823 + -101?
-1024
In base 8, what is 1612417 - -7?
1612426
In base 6, what is 42 - -51052?
51134
In base 6, what is -2 + 352405?
352403
In base 14, what is -7 - -2d73?
2d6a
In base 14, what is a + -3bd6?
-3bca
In base 9, what is 1616 - 2?
1614
In base 14, what is -510d + 7?
-5106
In base 9, what is 3038 - 43?
2885
In base 5, what is -20421 - -4130?
-11241
In base 11, what is a198 - 12?
a186
In base 13, what is 38a0 + 4?
38a4
In base 2, what is -10 + 10010000011000100?
10010000011000010
In base 7, what is 2 - -2330245?
2330250
In base 6, what is -3553 + 54?
-3455
In base 2, what is -11010110000 - -11111?
-11010010001
In base 16, what is 92d + -19e?
78f
In base 12, what is -451 - a90?
-1321
In base 13, what is -4572 + aa?
-4495
In base 5, what is -11302 + -23?
-11330
In base 6, what is 41255010 - -2?
41255012
In base 14, what is 4ad - -154?
623
In base 8, what is 221 - 316?
-75
In base 2, what is -10000000110 - -1011011?
-1110101011
In base 3, what is 1201 + 220112?
222020
In base 10, what is -2 + 23539?
23537
In base 8, what is 1 - -36754?
36755
In base 5, what is 130 - -40040?
40220
In base 10, what is 351507 - 9?
351498
In base 10, what is -222688 + -2?
-222690
In base 7, what is 304213 - 5?
304205
In base 12, what is b - -467b7?
46806
In base 7, what is 35514 - -223?
36040
In base 5, what is -43 - -24213?
24120
In base 12, what is 2 + -14a64?
-14a62
In base 12, what is 0 + 37029?
37029
In base 13, what is -22c19 + 5?
-22c14
In base 9, what is 17 - 12606?
-12578
In base 9, what is 563 + -547?
15
In base 10, what is -41 + 264?
223
In base 2, what is -11100011 + -110111110010?
-111011010101
In base 11, what is -3 - 125514?
-125517
In base 10, what is -2074 - 1380?
-3454
In base 3, what is -122121121222 - 11?
-122121122010
In base 13, what is 1 - -4749a?
4749b
In base 14, what is -1c85 + 6d?
-1c16
In base 12, what is 2657b9 - 5?
2657b4
In base 2, what is -1000001011000 + 1010?
-1000001001110
In base 11, what is -53 - -905?
862
In base 13, what is -3 + -12250?
-12253
In base 9, what is 22 - -616?
638
In base 3, what is -1 + -111210?
-111211
In base 13, what is -3 - 5613a?
-56140
In base 12, what is -2 - -181592?
181590
In base 8, what is 1542764 + -1?
1542763
In base 2, what is 10000101000000100111 - 11?
10000101000000100100
In base 4, what is 12 - 2322130?
-2322112
In base 11, what is -71 - 246?
-307
In base 13, what is 62 + -21?
41
In base 11, what is -6 + -51935?
-51940
In base 5, what is -41 + 12233?
12142
In base 16, what is 3d - 21c?
-1df
In base 14, what is 6bdd4 - 6?
6bdcc
In base 11, what is 1 + -2312?
-2311
In base 10, what is 7 + 366169?
366176
In base 14, what is -15134 + -3?
-15137
In base 2, what is 1011010010101 - 1000011?
1011001010010
In base 10, what is 364029 + 5?
364034
In base 4, what is -210 - -3302120?
3301310
In base 10, what is -2 + -18?
-20
In base 15, what is -3 + -18b45?
-18b48
In base 3, what is -2021 + -1010012100?
-1010021121
In base 14, what is 1460 - -4?
1464
In base 13, what is -14458b - 4?
-144592
In base 14, what is -a4b5 + -7?
-a4bc
In base 2, what is -1110 - -11000000011000000?
11000000010110010
In base 7, what is -656 + -16?
-1005
In base 14, what is 4ac - -1c4?
692
In base 4, what is 0 + -1331020?
-1331020
In base 14, what is 3 + 87134?
87137
In base 9, what is 2 + 110035?
110037
In base 5